 + 70. What is the tens digit of l?
7
Let a(b) = 5*b + 2. Let p be a(2). Let o be 0/2*6/p. Suppose 4*t + 2*n - 28 = o, -t = 3*n - 2*n - 9. What is the units digit of t?
5
Let x = 21 - 41. What is the tens digit of 2*(-4)/x*35?
1
Let o(b) = -7*b**2 + 1. Let y be (-3)/(6/4) - -1. Let g be o(y). What is the units digit of (0 - (-3)/g)*-4?
2
Suppose 151 = 5*g - 319. Suppose 3*r - 2*h = -0*h + g, 56 = 2*r + 2*h. What is the units digit of r?
0
Suppose 4*o - 133 = -r, -o - 2*r + 57 - 15 = 0. What is the units digit of o?
2
Suppose 3*a - 2*f = -4*f + 6, 0 = 3*a - 4*f - 6. Suppose w = a + 21. What is the tens digit of w?
2
Suppose -3*z + 2*i = -2*z - 8, -i - 4 = 4*z. Let t(n) = -n**3 + 5*n**2 - 3*n + 3. Let r be t(4). Suppose z = p - 0*p - r. What is the units digit of p?
7
Let b be (-6)/(-2) + (-5)/(-1). Suppose b + 6 = 2*p. What is the units digit of p?
7
Suppose -2*p = 3*p - 40. Let h = 7 - p. What is the units digit of 3 - (0/h)/(-1)?
3
Let a = 12 - 9. Suppose a*c - 135 = -2*c. What is the units digit of c?
7
Let r = 233 - 163. Suppose g - r = -g. What is the tens digit of g?
3
Let h(m) be the first derivative of -m**3/3 + 9*m**2/2 + 2. Let p be h(11). What is the units digit of (p - -1)*(-1)/3?
7
Suppose k = -4*t + 501, 2*t - 3*k + 124 = 371. What is the tens digit of t?
2
Let r(b) = b**3 - b**2 - 2*b. Let y be r(2). What is the units digit of 2 - y - 4 - -10?
8
Suppose -2*o + 5*y = 45, 2*o + 5*y + 8 + 7 = 0. What is the units digit of o/(-10)*(-28)/(-3)?
4
Let y(o) = -7*o + 22. What is the units digit of y(-7)?
1
Let q(c) = -3*c**2 + 7*c + 3. Let v(r) = 2*r**2 - 7*r - 4. Let h(g) = -3*q(g) - 4*v(g). What is the units digit of h(-7)?
7
Suppose 33 = 3*i - 39. What is the units digit of i?
4
Let w(x) be the first derivative of -x**3/3 - 4*x**2 - x - 2. Let j be w(-7). Suppose -5*g = -j + 1. What is the units digit of g?
1
Let x = -12 + 10. What is the units digit of x/(-6)*(2 + 31)?
1
Let c be 307/7 + 3/21. Let x = -22 + c. What is the units digit of x?
2
Let f(h) = h**2 - h + 1. Let b be f(0). Let w be b - 1 - 5/(-1). Suppose -4*o - 2*v - 14 = -w*o, -3*o = -2*v - 22. What is the units digit of o?
4
Let c = -3 + 11. Let g = 26 + c. What is the tens digit of g?
3
Suppose 0 = 5*p - 105 - 85. What is the units digit of p?
8
Let w(f) = 34*f**2 + f + 1. Suppose -5 = 4*p - 1. Let y be w(p). Suppose -v + 28 = 4*m, 0*m = -3*v - 2*m + y. What is the units digit of v?
8
Let w(z) = 2*z**2 + 2*z + 8. What is the units digit of w(4)?
8
Let f(d) = -4*d + 1. What is the tens digit of f(-11)?
4
Suppose 15 = -3*w, 0 = -2*q + 3*q - 4*w - 10. Let r = -5 - q. What is the units digit of r?
5
Suppose -4*f - 8 = 0, -2*d + 5*f = -449 + 17. What is the hundreds digit of d?
2
Let k(p) = 2*p**3 + 2*p**2 - p - 2. Suppose 0*f + 4*f - 3*i + 1 = 0, 3*f - 2*i = 0. What is the tens digit of k(f)?
2
Let j = -4 - -9. What is the units digit of j?
5
Let n be 2 - (-1 - (-2 - -2)). Suppose r - 3*z + n = 0, -r + 3*r - 18 = -2*z. Suppose 5*j + r = 3*o - 31, 3 = 2*o + j. What is the units digit of o?
4
Suppose -1 + 7 = 2*w. Suppose w*q - 16 = -q. Suppose -j + 14 = 3*x + j, -x + q*j = 0. What is the units digit of x?
4
Suppose -4*m + 0*m = 2*y - 154, 0 = 2*y + 5*m - 151. What is the units digit of y?
3
Let z(h) = h + 7. What is the tens digit of z(19)?
2
Suppose -4*q - 5 = o - 3*q, -10 = 2*q. Suppose -12 = -3*c - o*c. What is the units digit of c?
4
Suppose v - 5*v - 16 = 0. What is the units digit of (v/6)/((-7)/147)?
4
Suppose -6*u + 11*u - 65 = 0. What is the units digit of u?
3
Let n = -16 + 27. Let j be 2/11 + 20/n. Suppose 5*i + j - 22 = 0. What is the units digit of i?
4
Let t(n) = 5*n**3 + n**2 + n - 1. Let u be 4/6 + 21/9. Suppose -1 = -u*h + 2. What is the units digit of t(h)?
6
Let g = 19 + -11. What is the units digit of (-1)/4 + 58/g?
7
Let n(f) = -2*f - 2. Let z be n(-3). Suppose 4*g = 3*g + 4. Suppose w - g = z. What is the units digit of w?
8
What is the units digit of (-1)/((-131)/(-266) + (-14)/28)?
3
Let h(v) = 5*v - 6. Let b be h(4). Let y = b - 10. What is the units digit of y?
4
Suppose -4*l + 68 = i, -i + 5*l + 41 + 18 = 0. What is the units digit of i?
4
Let o(m) = m**3 - m + 76. Let w be o(0). Suppose -l = 3*l - w. What is the units digit of l?
9
Suppose x - 4*x + 54 = 0. Let f be (-48)/x + (-2)/(-3). Let q(i) = -i**3 + i**2 + 3*i + 3. What is the units digit of q(f)?
9
Suppose 4*i - i = 15. Let l = 8 - i. Suppose 8 = l*d - 4. What is the units digit of d?
4
What is the tens digit of -4 - (-288 + (2 - 2))?
8
Let n(y) = 8*y - 27. What is the units digit of n(8)?
7
Let q = 7 - 5. Let w(z) = 2*z**3 + z**2 - 2*z + 1. What is the units digit of w(q)?
7
Let f(b) = -b + 11. Let z be f(8). Suppose z - 1 = 2*g. What is the units digit of g?
1
Let a = 595 - 395. Suppose a = 4*c + 32. What is the tens digit of c?
4
Let s = -2 + 5. Suppose 5*o - o = n - 30, s*o = 3*n - 45. What is the units digit of n?
0
Let h be 1*4 + 0 + -1. Suppose 4*g - 50 = -5*n, h*g = n + 6*g - 21. What is the units digit of n?
6
Suppose -2*u = -3*u + 1. Let b be ((-21)/(-6))/(u/12). Suppose v + 4*i = 18, 4*i - b = -v - 4*v. What is the units digit of v?
6
Suppose -i + 5*c + 0*c = -287, -4*i + c + 1072 = 0. What is the units digit of i?
7
What is the units digit of 24/36 - (-139)/3?
7
Suppose 0 = 6*n - 25 - 11. What is the units digit of n?
6
Let d = -6 + 1. Let u be ((-10)/(-25))/(1/d). What is the units digit of u/(-5) + (-13)/(-5)?
3
Let i be (5 + 1)*(-1 - 0). Let m = 23 - 13. Let d = m + i. What is the units digit of d?
4
Let c = -31 + 17. Let d = -8 - c. What is the units digit of d?
6
Suppose q - 16 = -4*d, -4*q = 4*d - q - 16. Let h be (32/(-20))/((-2)/10). Suppose 4*p - 53 = -3*x, 0 = -d*p + 2*x - h + 46. What is the tens digit of p?
1
Let t(r) = 15*r**3 + r. Let o be t(-1). Let v = -5 - o. What is the units digit of v?
1
Let n = -73 + 34. Let d = n + 64. Suppose -w - d = -3*b, 5*b - 8 = 5*w + 37. What is the units digit of b?
8
What is the units digit of 3 - (-4)/16*-4?
2
Let w be 3*(-1)/(-3) + 47. Suppose -2*m = m + 3*n - w, -4*m - 5*n + 69 = 0. What is the units digit of 2/6*(m + 1)?
4
Let q be (1 + 0)/(2/20). Suppose -3*c = c - 3*s + 19, 2*s = q. What is the units digit of ((-54)/(-12))/(c/(-2))?
9
Suppose 39 + 21 = 4*w. Suppose -35 = -4*s - 3*k - 2*k, -3*k - w = 0. What is the tens digit of s?
1
Let a(x) = -x**2 - 7*x + 7. Let k be a(-6). Suppose -k - 35 = -3*i. Suppose i - 6 = 2*j. What is the units digit of j?
5
Suppose 0 = z - 24 + 17. What is the units digit of z?
7
Let h be 9/21 - 31/7. Let n = -2 - h. What is the units digit of n?
2
Let w(l) = -l**2 - 11*l - 4. Let k be w(-10). Let a = k - 5. What is the units digit of a?
1
Suppose -77 = -4*g + 3*l, l - 6 - 15 = -g. Suppose 4*c - z = 4, z + 4*z + g = 4*c. Suppose j - 2 = -c. What is the units digit of j?
2
Let g be 9/6*(-4)/(-6). Let q = -1 + g. Suppose 2*s = -r + 3, 3*r + 15 = -q*r. What is the units digit of s?
4
Suppose a - 4 = -1. What is the units digit of a?
3
Let z(o) = o**3 - o**2 + 11. Let v be 5 + -3 + -2*1. What is the units digit of z(v)?
1
Suppose -l = h - 1, -2*l + h = -1 - 4. Let x be l*(-1 + 21/(-6)). What is the tens digit of (-6)/x*3 - -10?
1
Let n(b) = -b + 4. Let c be n(3). Suppose 5*o - 44 = c. What is the units digit of o?
9
Suppose o + 15 = 4*p, 4*o - 5*p + 27 = -0*o. Let v = -2 - o. What is the units digit of v?
1
Suppose 5*q - r - 136 = 0, -q - 2*r = -6*q + 132. What is the units digit of q?
8
Suppose 5*z - 3*c = 301, 0 = 2*z - 2*c - c - 115. What is the units digit of z?
2
Suppose -5*t + 3*w - 2 = 4, -27 = 4*t + 5*w. Suppose g + 7*s - 2*s + 25 = 0, -45 = 5*g + 5*s. What is the units digit of (t/(-2))/(g/(-10))?
3
Let z(x) = -x**3 + 2*x - 1. Let k be z(-2). Let r be (k - 0)/(15/10). Suppose 5*u + 3*c - 70 = 0, r*u - 3*c - 11 = -4. What is the tens digit of u?
1
Suppose 0 = 5*q - 164 - 26. What is the tens digit of q?
3
Let q = 138 - 83. Suppose o - q = -4*o. What is the tens digit of o?
1
Let w(i) be the second derivative of i**4/12 + i**3/3 - 3*i**2/2 - i. Let n be w(6). Suppose -4*p = -p - n. What is the tens digit of p?
1
What is the tens digit of (-1)/(-3) - 2180/12*-1?
8
Let o(j) = j**3 + 2*j**2 - j + 1. Let a = 1 - 3. What is the units digit of o(a)?
3
Suppose -5*z - 2*t = -203, -t - 86 = -2*z + 3*t.